{"id":615,"date":"2017-08-25T10:51:47","date_gmt":"2017-08-25T09:51:47","guid":{"rendered":"https:\/\/boschem.eu\/bos2018\/?page_id=615"},"modified":"2018-08-27T15:32:01","modified_gmt":"2018-08-27T12:32:01","slug":"postersessions","status":"publish","type":"page","link":"https:\/\/boschem.eu\/bos2018\/postersessions\/","title":{"rendered":"Poster sessions"},"content":{"rendered":"<p>The conference will have two poster sessions.<\/p>\n<p>Space for posters will be 85 cm wide x 120 cm high. All posters should be mounted on Monday (July 2) morning and removed on Tuesday (July 3) evening. All supplies necessary to set up the posters will be provided by the conference organizers.<\/p>\n<p>The number of each poster stand will be identified by the abstract number published in the Abstract Book.<\/p>\n<p>&nbsp;<\/p>\n<p><strong>The Thieme Poster Prizes by Thieme Chemistry &#8211; Georg Thieme Verlag KG<\/strong><\/p>\n<p>International: Poster #59 Stephen Lovelock (University of Strathclyde, Glasgow, UK) &#8220;Confronting Neglected Issues in Asymmetric Conjugate Arylation&#8221;<\/p>\n<p>Estonian: Poster #66 Livia Matt (University of Tartu, Estonia) &#8220;Synthesis and Polymerization of Isosorbide Monomethacrylates&#8221;<\/p>\n<p>Lithuanian: Poster #103 Justina \u0160ulgait\u0117 (Thermo Fisher Scientific, Vilnius, Lithuania) &#8220;Synthesis of functionalized dNTPs for enzymatic applications&#8221;<\/p>\n<p>Latvian: Poster #61 L\u016bkass Luka\u0161\u0113vics (Latvian Institute of Organic Synthesis, Riga, Latvia) &#8220;Ritter-type Amination of Carbenium Ions Generated by Directed Protonolysis of Cyclopropane&#8221;<\/p>\n<p><strong>The Poster Prize on Heterocyclic Chemistry by journal Chemistry of Heterocyclic Compounds\u00a0<\/strong><\/p>\n<p>Poster\u00a0# 33\u00a0 Petr\u00a0Jansa\u00a0and Eliska Matousova (Charles University, Czech Republic) &#8220;Synthesis of Polycyclic Compounds with All-Carbon Quaternary Centres&#8221;<\/p>\n","protected":false},"excerpt":{"rendered":"<p>The conference will have two poster sessions. Space for posters will be 85 cm wide x 120 cm high. All [&hellip;]<\/p>\n","protected":false},"author":2,"featured_media":0,"parent":0,"menu_order":0,"comment_status":"closed","ping_status":"closed","template":"","meta":{"_acf_changed":false,"footnotes":""},"class_list":["post-615","page","type-page","status-publish","hentry"],"acf":[],"yoast_head":"<!-- This site is optimized with the Yoast SEO plugin v26.8 - https:\/\/yoast.com\/product\/yoast-seo-wordpress\/ -->\n<title>Poster sessions - BOS 2018<\/title>\n<meta name=\"robots\" content=\"index, follow, max-snippet:-1, max-image-preview:large, max-video-preview:-1\" \/>\n<link rel=\"canonical\" href=\"https:\/\/boschem.eu\/bos2018\/postersessions\/\" \/>\n<meta property=\"og:locale\" content=\"en_GB\" \/>\n<meta property=\"og:type\" content=\"article\" \/>\n<meta property=\"og:title\" content=\"Poster sessions - BOS 2018\" \/>\n<meta property=\"og:description\" content=\"The conference will have two poster sessions. Space for posters will be 85 cm wide x 120 cm high. All [&hellip;]\" \/>\n<meta property=\"og:url\" content=\"https:\/\/boschem.eu\/bos2018\/postersessions\/\" \/>\n<meta property=\"og:site_name\" content=\"BOS 2018\" \/>\n<meta property=\"article:modified_time\" content=\"2018-08-27T12:32:01+00:00\" \/>\n<meta name=\"twitter:card\" content=\"summary_large_image\" \/>\n<meta name=\"twitter:label1\" content=\"Estimated reading time\" \/>\n\t<meta name=\"twitter:data1\" content=\"1 minute\" \/>\n<script type=\"application\/ld+json\" class=\"yoast-schema-graph\">{\"@context\":\"https:\/\/schema.org\",\"@graph\":[{\"@type\":\"WebPage\",\"@id\":\"https:\/\/boschem.eu\/bos2018\/postersessions\/\",\"url\":\"https:\/\/boschem.eu\/bos2018\/postersessions\/\",\"name\":\"Poster sessions - BOS 2018\",\"isPartOf\":{\"@id\":\"https:\/\/boschem.eu\/bos2018\/#website\"},\"datePublished\":\"2017-08-25T09:51:47+00:00\",\"dateModified\":\"2018-08-27T12:32:01+00:00\",\"breadcrumb\":{\"@id\":\"https:\/\/boschem.eu\/bos2018\/postersessions\/#breadcrumb\"},\"inLanguage\":\"en-GB\",\"potentialAction\":[{\"@type\":\"ReadAction\",\"target\":[\"https:\/\/boschem.eu\/bos2018\/postersessions\/\"]}]},{\"@type\":\"BreadcrumbList\",\"@id\":\"https:\/\/boschem.eu\/bos2018\/postersessions\/#breadcrumb\",\"itemListElement\":[{\"@type\":\"ListItem\",\"position\":1,\"name\":\"Home\",\"item\":\"https:\/\/boschem.eu\/bos2018\/\"},{\"@type\":\"ListItem\",\"position\":2,\"name\":\"Poster sessions\"}]},{\"@type\":\"WebSite\",\"@id\":\"https:\/\/boschem.eu\/bos2018\/#website\",\"url\":\"https:\/\/boschem.eu\/bos2018\/\",\"name\":\"BOS 2018\",\"description\":\"\",\"publisher\":{\"@id\":\"https:\/\/boschem.eu\/bos2018\/#organization\"},\"potentialAction\":[{\"@type\":\"SearchAction\",\"target\":{\"@type\":\"EntryPoint\",\"urlTemplate\":\"https:\/\/boschem.eu\/bos2018\/?s={search_term_string}\"},\"query-input\":{\"@type\":\"PropertyValueSpecification\",\"valueRequired\":true,\"valueName\":\"search_term_string\"}}],\"inLanguage\":\"en-GB\"},{\"@type\":\"Organization\",\"@id\":\"https:\/\/boschem.eu\/bos2018\/#organization\",\"name\":\"BOS 2018\",\"url\":\"https:\/\/boschem.eu\/bos2018\/\",\"logo\":{\"@type\":\"ImageObject\",\"inLanguage\":\"en-GB\",\"@id\":\"https:\/\/boschem.eu\/bos2018\/#\/schema\/logo\/image\/\",\"url\":\"https:\/\/boschem.eu\/bos2018\/wp-content\/uploads\/sites\/3\/2017\/08\/bos-logo2018.png\",\"contentUrl\":\"https:\/\/boschem.eu\/bos2018\/wp-content\/uploads\/sites\/3\/2017\/08\/bos-logo2018.png\",\"width\":400,\"height\":30,\"caption\":\"BOS 2018\"},\"image\":{\"@id\":\"https:\/\/boschem.eu\/bos2018\/#\/schema\/logo\/image\/\"}}]}<\/script>\n<!-- \/ Yoast SEO plugin. -->","yoast_head_json":{"title":"Poster sessions - BOS 2018","robots":{"index":"index","follow":"follow","max-snippet":"max-snippet:-1","max-image-preview":"max-image-preview:large","max-video-preview":"max-video-preview:-1"},"canonical":"https:\/\/boschem.eu\/bos2018\/postersessions\/","og_locale":"en_GB","og_type":"article","og_title":"Poster sessions - BOS 2018","og_description":"The conference will have two poster sessions. Space for posters will be 85 cm wide x 120 cm high. All [&hellip;]","og_url":"https:\/\/boschem.eu\/bos2018\/postersessions\/","og_site_name":"BOS 2018","article_modified_time":"2018-08-27T12:32:01+00:00","twitter_card":"summary_large_image","twitter_misc":{"Estimated reading time":"1 minute"},"schema":{"@context":"https:\/\/schema.org","@graph":[{"@type":"WebPage","@id":"https:\/\/boschem.eu\/bos2018\/postersessions\/","url":"https:\/\/boschem.eu\/bos2018\/postersessions\/","name":"Poster sessions - BOS 2018","isPartOf":{"@id":"https:\/\/boschem.eu\/bos2018\/#website"},"datePublished":"2017-08-25T09:51:47+00:00","dateModified":"2018-08-27T12:32:01+00:00","breadcrumb":{"@id":"https:\/\/boschem.eu\/bos2018\/postersessions\/#breadcrumb"},"inLanguage":"en-GB","potentialAction":[{"@type":"ReadAction","target":["https:\/\/boschem.eu\/bos2018\/postersessions\/"]}]},{"@type":"BreadcrumbList","@id":"https:\/\/boschem.eu\/bos2018\/postersessions\/#breadcrumb","itemListElement":[{"@type":"ListItem","position":1,"name":"Home","item":"https:\/\/boschem.eu\/bos2018\/"},{"@type":"ListItem","position":2,"name":"Poster sessions"}]},{"@type":"WebSite","@id":"https:\/\/boschem.eu\/bos2018\/#website","url":"https:\/\/boschem.eu\/bos2018\/","name":"BOS 2018","description":"","publisher":{"@id":"https:\/\/boschem.eu\/bos2018\/#organization"},"potentialAction":[{"@type":"SearchAction","target":{"@type":"EntryPoint","urlTemplate":"https:\/\/boschem.eu\/bos2018\/?s={search_term_string}"},"query-input":{"@type":"PropertyValueSpecification","valueRequired":true,"valueName":"search_term_string"}}],"inLanguage":"en-GB"},{"@type":"Organization","@id":"https:\/\/boschem.eu\/bos2018\/#organization","name":"BOS 2018","url":"https:\/\/boschem.eu\/bos2018\/","logo":{"@type":"ImageObject","inLanguage":"en-GB","@id":"https:\/\/boschem.eu\/bos2018\/#\/schema\/logo\/image\/","url":"https:\/\/boschem.eu\/bos2018\/wp-content\/uploads\/sites\/3\/2017\/08\/bos-logo2018.png","contentUrl":"https:\/\/boschem.eu\/bos2018\/wp-content\/uploads\/sites\/3\/2017\/08\/bos-logo2018.png","width":400,"height":30,"caption":"BOS 2018"},"image":{"@id":"https:\/\/boschem.eu\/bos2018\/#\/schema\/logo\/image\/"}}]}},"_links":{"self":[{"href":"https:\/\/boschem.eu\/bos2018\/wp-json\/wp\/v2\/pages\/615","targetHints":{"allow":["GET"]}}],"collection":[{"href":"https:\/\/boschem.eu\/bos2018\/wp-json\/wp\/v2\/pages"}],"about":[{"href":"https:\/\/boschem.eu\/bos2018\/wp-json\/wp\/v2\/types\/page"}],"author":[{"embeddable":true,"href":"https:\/\/boschem.eu\/bos2018\/wp-json\/wp\/v2\/users\/2"}],"replies":[{"embeddable":true,"href":"https:\/\/boschem.eu\/bos2018\/wp-json\/wp\/v2\/comments?post=615"}],"version-history":[{"count":5,"href":"https:\/\/boschem.eu\/bos2018\/wp-json\/wp\/v2\/pages\/615\/revisions"}],"predecessor-version":[{"id":1522,"href":"https:\/\/boschem.eu\/bos2018\/wp-json\/wp\/v2\/pages\/615\/revisions\/1522"}],"wp:attachment":[{"href":"https:\/\/boschem.eu\/bos2018\/wp-json\/wp\/v2\/media?parent=615"}],"curies":[{"name":"wp","href":"https:\/\/api.w.org\/{rel}","templated":true}]}}